prime factors of 164164?
2, 7, 11, 13, 41
List the prime factors of 3892630.
2, 5, 7, 55609
List the prime factors of 862873.
11, 47, 1669
What are the prime factors of 108899?
7, 47, 331
List the prime factors of 12054897.
3, 1339433
List the prime factors of 2744466.
2, 3, 457411
List the prime factors of 14252118.
2, 3, 2375353
List the prime factors of 15627086.
2, 2399, 3257
List the prime factors of 200400.
2, 3, 5, 167
List the prime factors of 2533488.
2, 3, 47, 1123
What are the prime factors of 524458?
2, 11, 31, 769
What are the prime factors of 943099?
157, 6007
What are the prime factors of 142925?
5, 5717
List the prime factors of 184114.
2, 7, 13151
What are the prime factors of 101817?
3, 419
List the prime factors of 1720.
2, 5, 43
What are the prime factors of 118011?
3, 139, 283
List the prime factors of 232650.
2, 3, 5, 11, 47
What are the prime factors of 4028516?
2, 1007129
List the prime factors of 542622.
2, 3, 90437
What are the prime factors of 99081?
3, 101, 109
What are the prime factors of 1911706?
2, 955853
List the prime factors of 312131.
457, 683
What are the prime factors of 7657632?
2, 3, 8863
List the prime factors of 8993078.
2, 4496539
List the prime factors of 4004176.
2, 11, 22751
What are the prime factors of 1355964?
2, 3, 112997
What are the prime factors of 3764737?
61, 61717
List the prime factors of 817376.
2, 7, 41, 89
List the prime factors of 179478.
2, 3, 13, 59
List the prime factors of 590626.
2, 295313
List the prime factors of 6503112.
2, 3, 7, 11, 17, 23
What are the prime factors of 3833622?
2, 3, 13, 43, 127
List the prime factors of 244605.
3, 5, 23, 709
List the prime factors of 826159.
43, 19213
What are the prime factors of 384183?
3, 17, 31
What are the prime factors of 2676353?
2676353
List the prime factors of 918961.
271, 3391
What are the prime factors of 2339157?
3, 43, 18133
What are the prime factors of 248259?
3, 11, 7523
List the prime factors of 2391592.
2, 7, 6101
What are the prime factors of 3094135?
5, 11, 101, 557
List the prime factors of 11144786.
2, 991, 5623
List the prime factors of 31874072.
2, 3984259
List the prime factors of 225982.
2, 103, 1097
What are the prime factors of 6888123?
3, 11, 41, 1697
List the prime factors of 21336896.
2, 7, 97, 491
List the prime factors of 15672261.
3, 11, 474917
What are the prime factors of 71140?
2, 5, 3557
What are the prime factors of 3639764?
2, 37, 24593
What are the prime factors of 8310364?
2, 2077591
What are the prime factors of 5504912?
2, 7, 23, 2137
List the prime factors of 1757484.
2, 3, 16273
List the prime factors of 428408.
2, 53551
List the prime factors of 573756.
2, 3, 137, 349
What are the prime factors of 773836?
2, 7, 29, 953
What are the prime factors of 18824478?
2, 3, 19, 61, 2707
List the prime factors of 4235166.
2, 3, 13, 2011
What are the prime factors of 602351?
602351
List the prime factors of 4250110.
2, 5, 19, 22369
What are the prime factors of 600454?
2, 67, 4481
What are the prime factors of 1791152?
2, 11, 10177
List the prime factors of 4303374.
2, 3, 717229
What are the prime factors of 174988?
2, 11, 41, 97
What are the prime factors of 6219406?
2, 31, 100313
What are the prime factors of 731327?
731327
List the prime factors of 11848696.
2, 31, 47777
List the prime factors of 10764293.
10764293
What are the prime factors of 305083?
19, 16057
What are the prime factors of 10236341?
1229, 8329
List the prime factors of 32392.
2, 4049
What are the prime factors of 1652129?
1652129
List the prime factors of 16334685.
3, 5, 29, 12517
List the prime factors of 2548693.
7, 89, 4091
List the prime factors of 468416.
2, 13, 563
List the prime factors of 21710291.
653, 33247
What are the prime factors of 256612?
2, 64153
List the prime factors of 438366.
2, 3, 73061
What are the prime factors of 10504081?
7, 463
What are the prime factors of 334025?
5, 31, 431
List the prime factors of 174218.
2, 11, 7919
What are the prime factors of 268810?
2, 5, 26881
List the prime factors of 4248459.
3, 472051
List the prime factors of 717210.
2, 3, 5, 13, 613
List the prime factors of 11973541.
109, 109849
What are the prime factors of 541300?
2, 5, 5413
List the prime factors of 46638.
2, 3, 2591
What are the prime factors of 486274?
2, 243137
List the prime factors of 673587.
3, 74843
List the prime factors of 144876.
2, 3, 12073
What are the prime factors of 11211?
3, 37, 101
What are the prime factors of 318008?
2, 127, 313
List the prime factors of 4963270.
2, 5, 13, 73, 523
What are the prime factors of 169275?
3, 5, 37, 61
What are the prime factors of 175215?
3, 5, 11681
What are the prime factors of 2776249?
7, 199, 1993
What are the prime factors of 260179?
260179
List the prime factors of 4085676.
2, 3, 7, 31, 523
List the prime factors of 391485.
3, 5, 26099
What are the prime factors of 26388216?
2, 3, 17, 21559
What are the prime factors of 210915?
3, 5, 43, 109
List the prime factors of 3656663.
3656663
List the prime factors of 310731.
3, 103577
List the prime factors of 608396.
2, 17, 23, 389
List the prime factors of 13531534.
2, 19, 356093
What are the prime factors of 3281288?
2, 31, 101, 131
What are the prime factors of 1884049?
113, 16673
List the prime factors of 10861196.
2, 29, 109, 859
What are the prime factors of 1167833?
1167833
List the prime factors of 712219.
712219
What are the prime factors of 4475625?
3, 5, 7, 11, 31
List the prime factors of 295795.
5, 59159
List the prime factors of 917508.
2, 3, 157, 487
What are the prime factors of 11875496?
2, 1484437
What are the prime factors of 2612484?
2, 3, 7, 1481
List the prime factors of 216692.
2, 7, 71, 109
List the prime factors of 1256622.
2, 3, 19, 73, 151
What are the prime factors of 414957?
3, 138319
What are the prime factors of 24517404?
2, 3, 31, 2441
List the prime factors of 599614.
2, 299807
What are the prime factors of 493932?
2, 3, 41161
List the prime factors of 40340289.
3, 11, 1222433
What are the prime factors of 623083?
211, 2953
What are the prime factors of 5480921?
37, 41, 3613
What are the prime factors of 8430774?
2, 3, 11, 127739
What are the prime factors of 151302?
2, 3, 151, 167
List the prime factors of 1749267.
3, 13, 14951
List the prime factors of 1374569.
7, 17, 11551
What are the prime factors of 226704?
2, 3, 4723
What are the prime factors of 422311?
422311
What are the prime factors of 9189861?
3, 3063287
List the prime factors of 2131737.
3, 197, 3607
List the prime factors of 328218.
2, 3, 11, 4973
List the prime factors of 27511.
11, 41, 61
List the prime factors of 1746894.
2, 3, 359, 811
List the prime factors of 1508109.
3, 502703
What are the prime factors of 219802?
2, 11, 97, 103
What are the prime factors of 2531760?
2, 3, 5, 7, 11, 137
What are the prime factors of 417562?
2, 103, 2027
List the prime factors of 723299.
17, 157, 271
What are the prime factors of 3382211?
7, 103, 4691
What are the prime factors of 222626?
2, 157, 709
What are the prime factors of 1805114?
2, 19, 67, 709
What are the prime factors of 6118314?
2, 3, 683, 1493
What are the prime factors of 487132?
2, 193, 631
List the prime factors of 285390.
2, 3, 5, 7, 151
What are the prime factors of 299000?
2, 5, 13, 23
List the prime factors of 899452.
2, 224863
List the prime factors of 9630176.
2, 151, 1993
What are the prime factors of 17876780?
2, 5, 893839
List the prime factors of 1865347.
11, 67, 2531
List the prime factors of 255077.
255077
What are the prime factors of 17162405?
5, 13, 229, 1153
What are the prime factors of 5265337?
7, 11, 19, 59, 61
What are the prime factors of 1137686?
2, 11, 51713
What are the prime factors of 13218083?
13218083
What are the prime factors of 194942?
2, 11, 8861
List the prime factors of 197528.
2, 24691
What are the prime factors of 828283?
97, 8539
What are the prime factors of 1321702?
2, 660851
List the prime factors of 2888650.
2, 5, 57773
What are the prime factors of 1137278?
2, 71, 8009
List the prime factors of 1827206.
2, 41, 22283
List the prime factors of 4934029.
17, 23, 12619
List the prime factors of 691753.
71, 9743
List the prime factors of 605118.
2, 3, 100853
What are the prime factors of 293189?
13, 19, 1187
List the prime factors 